(u). List the prime factors of (-24)/(6*s/156).
2, 13
Suppose -17941 = -2*f - 3*v, -v - 21 + 8991 = f. List the prime factors of f.
8969
Let h(s) be the third derivative of 11*s**5/60 + 3*s**4/8 - 5*s**3/2 - 58*s**2. List the prime factors of h(5).
5, 61
Suppose -22993 = -4*l - 2*n + 151827, -l + 3*n = -43684. What are the prime factors of l?
2, 21851
What are the prime factors of 19581 - ((-42)/(-483) + 558/(-69))?
19, 1031
Let g = 8662 + -5838. List the prime factors of g.
2, 353
Suppose 1547564 + 380266 = 36*n - 975930. What are the prime factors of n?
2, 5, 37, 109
Let u be ((-4)/(-10) - 3/(-30))*-2. Let c be (173/4)/(3*u/(-12)). Let x = c + -100. What are the prime factors of x?
73
Let r(b) = -b**3 + 8*b**2 - 12*b + 4. Let l be r(6). Suppose 798 + 2177 = 5*m - 5*v, -2*m - l*v + 1214 = 0. Suppose -20 = 3*s - m. List the prime factors of s.
193
Let u(k) = -3*k + 121. Let s be u(32). Suppose 20*l = s*l - 2180. List the prime factors of l.
2, 109
Let i be 4 - (-2)/(4 - 2). Let h be (-9 - -13) + 0*(-3)/15. Suppose -h*d + i = d, -2*d = -5*v + 398. List the prime factors of v.
2, 5
Let p = 3230 - 278. Suppose 6*v - 15*v = -p. List the prime factors of v.
2, 41
Let w(q) = 10*q + 288. Let s be w(10). Suppose -24*x + 29236 = s. What are the prime factors of x?
2, 601
Let i(o) = 24 - o - 34*o - 82*o. What are the prime factors of i(-2)?
2, 3, 43
Let z(u) be the third derivative of u**5/60 + 3*u**4/4 - 8*u**3 + 13*u**2. List the prime factors of z(10).
2, 29
Let j = -761 - -761. Suppose j = 3*w - 4330 + 433. What are the prime factors of w?
3, 433
Suppose 9*i - 5*i = -4*x + 7520, 6 = 3*x. Suppose -51*n + 1896 + i = 0. List the prime factors of n.
2, 37
Suppose 4*k - 159612 = -g, 2*k - 57017 - 22789 = -3*g. What are the prime factors of k?
3, 47, 283
Suppose 0 = -5*b + 8*b - 516. Let v be (b/(-6) - 1)*-3. Suppose -5*j = -6*j + v. What are the prime factors of j?
89
Suppose -8288 = -z - 2*v, -4*z + 33092 = 5*v - 9*v. What are the prime factors of z?
2, 4139
Let p = -8 + 18. Suppose j - p = -j. Suppose -10*q = -j*q - 290. What are the prime factors of q?
2, 29
Suppose 24*i - 19*i - 3165 = 0. Let d = i + -83. List the prime factors of d.
2, 5, 11
Let j(r) be the third derivative of -r**5/30 - 5*r**4/12 - r**2. Let b(w) = w**2 - 8*w + 9. Let p be b(6). What are the prime factors of j(p)?
2, 3
Let g be (-4)/(3 - -1)*-7. Suppose -g*t = -24 - 4. Suppose -79 - 8 = -2*j + 3*l, 2*l - 166 = -t*j. List the prime factors of j.
2, 3, 7
Let m(s) = 12*s**2 + 152*s - 157. List the prime factors of m(-23).
5, 7, 11
Suppose -24*k + 219153 = 9*k. What are the prime factors of k?
29, 229
What are the prime factors of ((-776)/(-5))/(202/23735)?
2, 47, 97
Let r = -47 + 98. Let z = 56 - r. Suppose -2*n + 74 = 3*g, -4*g + g + 46 = -z*n. What are the prime factors of g?
2, 11
Let c = -735 - -2860. Let p = c + -1475. What are the prime factors of p?
2, 5, 13
Let a(s) be the first derivative of 74*s**3 - s**2 + 4*s + 70. What are the prime factors of a(1)?
2, 7
Suppose -116*t = -111*t + 10, 4*o - t = 64922. What are the prime factors of o?
2, 3, 5, 541
What are the prime factors of 1 - 4 - 7/(77/(-70477))?
2, 1601
Suppose 0 = 4*y - 298 - 138. Let f = 455 - y. List the prime factors of f.
2, 173
Suppose 0 = 23*s - 28*s - 10. Let x be -1*((s + 3)*-3 + 3). Suppose 5*h + 233 - 1428 = -5*n, -3*n + 3*h + 699 = x. List the prime factors of n.
2, 59
Suppose 0 = -3*m + 190 - 202, 0 = -5*i + m + 49789. List the prime factors of i.
3, 3319
Let w(h) = 176*h - 10. Let p be w(1). What are the prime factors of p/(-18) - -9 - 2650/(-18)?
3, 7
Let a(t) = 2*t**2 + 8*t - 43. Suppose 26*i = -133 - 127. What are the prime factors of a(i)?
7, 11
Let b be (4 + -3)/(3/123). Let l = 46 - b. Suppose 0 = l*v - 225 - 100. What are the prime factors of v?
5, 13
Let w be 0 + 1*4 - (41 + -38). What are the prime factors of ((-50)/(-4) - w)/((-9)/(-558))?
23, 31
Suppose 9*x + 11880 = 17*x. Let k = x - 788. What are the prime factors of k?
17, 41
Suppose -35*m + 583069 = -10*m - 292381. List the prime factors of m.
2, 17509
Suppose -2*w - 5*w + 63625 = -71020. List the prime factors of w.
5, 3847
Let q = 136 - 74. Suppose 0*n = h + 2*n - 20, -3*h - 5*n = -q. Suppose -j + 3*r - 20 = -2*j, j - h = -5*r. List the prime factors of j.
2, 7
Suppose n + 15 = 5*f, 3*n - 6*n - 2*f + 6 = 0. Suppose -3*m + 35 - 11 = n. List the prime factors of ((-30)/m)/((-6)/96).
2, 3, 5
Let z(d) = 1000*d**2 + 333*d + 1622. List the prime factors of z(-5).
3, 47, 59
Let d(k) = 11*k**2 + 12*k - 9. Let p be d(6). What are the prime factors of (3 + p/2)*48/18?
2, 5, 31
Suppose -3*h = 2*b - 7*b - 107, -69 = 3*b + 3*h. Let g = 105 + b. What are the prime factors of g?
83
Suppose -266788 + 39806 = -62*o. List the prime factors of o.
7, 523
Let c(m) = -13855*m + 4698. List the prime factors of c(-2).
2, 4051
Suppose -3*y - y = h + 658, -2*h = 2*y + 332. Let g = 365 + y. Let b = -91 + g. What are the prime factors of b?
2, 5, 11
Let a(m) = m**3 + 11*m**2 + 18*m + 10. Let p be a(-9). Let o = 114 + p. Suppose -3*g + 53 + o = 0. What are the prime factors of g?
59
Let m(u) = -10 + 7*u + 4*u**2 + 4*u + 7*u. What are the prime factors of m(-11)?
2, 3, 23
Let j(y) = 34*y + 5. Let p be j(4). Suppose -600 = -r - p. List the prime factors of r.
3, 17
Suppose m + 4*j = 2, 3*m + 39 = -0*m - 3*j. Let t be 70/9 + (-4)/m. Let p = t + 49. List the prime factors of p.
3, 19
Suppose 14*j = 21*j - 12817. Suppose -4*i - 395 = -j. What are the prime factors of i?
359
Suppose -5*q + 5*h = -10, -2 = -31*q + 32*q - 5*h. Let w be 0 + 1 + 0 - -2. Suppose -m + 6*m = -q*o + 140, -w*m = -4*o + 177. List the prime factors of o.
3, 5
Suppose 101*s - 4395952 = 3888977. List the prime factors of s.
3, 37, 739
Let s be (-400)/96 + (-3)/(-18). Let j(r) = -9*r**3 + 6*r**2 + 12*r + 18. What are the prime factors of j(s)?
2, 3, 107
Let r(n) = -4*n**2 + 62*n - 178. List the prime factors of r(4).
2, 3
Suppose -14 = 11*o - 12*o. Let f(q) = -1 + 3*q - o*q - q. What are the prime factors of f(-2)?
23
Suppose 385 = x - 4*p - 70, -4*p = -12. Suppose -29 = -a + x. What are the prime factors of a?
2, 31
Suppose 5*b + 8 = 143. Suppose -b*s + 30 = -32*s. List the prime factors of s/(-9) + 328/12.
2, 7
Let j(y) = 12 + 0 - 2*y**2 - 6*y + y**2 + 0*y**2. Let s be j(-7). Suppose 143 - 8 = s*b. What are the prime factors of b?
3
List the prime factors of (16 + 274/1)/((-4)/(-86)).
5, 29, 43
Let n(p) = p**2 - 81*p + p**2 - 8 + 72*p. Let s(h) = -7*h**2 - 2*h + 3. Let a be s(1). List the prime factors of n(a).
2, 59
Let i be (-3)/(-27) + 22706/9. Suppose 14*p - i = 3035. What are the prime factors of p?
397
Let q(u) = -u**3 + 21*u**2 - 22*u - 14. Let m be q(20). Let o be m*(3/(-2) - 0). Let n = 263 - o. List the prime factors of n.
2, 7, 13
Suppose -l - 4*f = -161, 3*l + f = 563 - 25. Suppose -5*b + 654 = -l. Suppose -b = -18*z + 17*z. What are the prime factors of z?
167
Let q(z) be the second derivative of 7*z**3/6 + 21*z**2/2 + 15*z. Let j be q(-3). What are the prime factors of (69 - -11) + 1 + j?
3
Suppose 4*k - b = -56, -2*k - 3*b + 38 = -4*k. Let z be k*((-3)/(-2))/(5/10). What are the prime factors of z/(-3) - (2 - -1 - 0)?
2, 5
Let v be ((-5 - 11)/4)/((-4)/3). Suppose 7 = a - 2*c - 1, -v*a + 17 = c. Let t = 176 + a. What are the prime factors of t?
2, 7, 13
Suppose -6*u - 1512 = -5*o - 2*u, -u = -2. Suppose z = a - o, -1520 = -5*a + 2*z + 2*z. List the prime factors of a.
2, 19
Suppose 44*y = -63179 + 233503. What are the prime factors of y?
7, 79
Let q be -87 + 85 + 1*(7 - 2). Suppose 5*t + 0*s = -s + 3975, t - q*s - 779 = 0. List the prime factors of t.
2, 397
Suppose x - 3*x = -722. Suppose 206 + x = 9*l. List the prime factors of l.
3, 7
Let v = -1303 - -2539. Suppose 5*j - 927 = -3*s, 3*j + 2*j = -4*s + v. List the prime factors of s.
3, 103
Let g(z) = 3*z**2 - 9*z + 1. Let j be g(6). Let m = -4875 + 4932. Let x = j + m. List the prime factors of x.
2, 7
Let a = -18177 - -35193. List the prime factors of a.
2, 3, 709
Suppose 0 = 2*j + 3 - 11. Suppose -2*h = -5*s + 40 - 12, -j*s + 20 = -h. Let d(g) = 3*g**3 - 4*g**2 + 2*g + 2. What are the prime factors of d(s)?
2, 3, 23
Let f(u) = 2*u**3 - 2*u**2 - 10*u - 7. Let n be f(3). What are the prime factors of n/(5/2685*-1)?
3, 179
Suppos